{"id":133,"date":"2016-09-26T21:32:15","date_gmt":"2016-09-26T19:32:15","guid":{"rendered":"http:\/\/mjdc.be\/upsf\/?page_id=133"},"modified":"2016-10-01T07:46:28","modified_gmt":"2016-10-01T05:46:28","slug":"liens-utiles","status":"publish","type":"page","link":"http:\/\/mjdc.be\/upsf\/liens-utiles\/","title":{"rendered":"Liens utiles"},"content":{"rendered":"<p>Le Dioc\u00e8se :<\/p>\n<ul>\n<li><a href=\"http:\/\/liege.diocese.be\/\" target=\"_blank\">Le dioc\u00e8se de Li\u00e8ge<\/a><\/li>\n<li><a href=\"http:\/\/espacepremontres.blogspot.be\/\" target=\"_blank\">L&rsquo;espace pr\u00e9montr\u00e9s :\u00a0le s\u00e9minaire \u00e9piscopal de Li\u00e8ge<\/a><\/li>\n<\/ul>\n<p>Les textes de la liturgie :<\/p>\n<ul>\n<li>Les lectures de dimanche prochain : <a href=\"http:\/\/www.aelf.org\/office-messe\" target=\"_blank\">Aelf.org<\/a><\/li>\n<\/ul>\n","protected":false},"excerpt":{"rendered":"<p>Le Dioc\u00e8se : Le dioc\u00e8se de Li\u00e8ge L&rsquo;espace pr\u00e9montr\u00e9s :\u00a0le s\u00e9minaire \u00e9piscopal de Li\u00e8ge Les textes de la liturgie : Les lectures de dimanche prochain : Aelf.org<\/p>\n","protected":false},"author":1,"featured_media":0,"parent":0,"menu_order":0,"comment_status":"closed","ping_status":"closed","template":"","meta":[],"_links":{"self":[{"href":"http:\/\/mjdc.be\/upsf\/wp-json\/wp\/v2\/pages\/133"}],"collection":[{"href":"http:\/\/mjdc.be\/upsf\/wp-json\/wp\/v2\/pages"}],"about":[{"href":"http:\/\/mjdc.be\/upsf\/wp-json\/wp\/v2\/types\/page"}],"author":[{"embeddable":true,"href":"http:\/\/mjdc.be\/upsf\/wp-json\/wp\/v2\/users\/1"}],"replies":[{"embeddable":true,"href":"http:\/\/mjdc.be\/upsf\/wp-json\/wp\/v2\/comments?post=133"}],"version-history":[{"count":6,"href":"http:\/\/mjdc.be\/upsf\/wp-json\/wp\/v2\/pages\/133\/revisions"}],"predecessor-version":[{"id":179,"href":"http:\/\/mjdc.be\/upsf\/wp-json\/wp\/v2\/pages\/133\/revisions\/179"}],"wp:attachment":[{"href":"http:\/\/mjdc.be\/upsf\/wp-json\/wp\/v2\/media?parent=133"}],"curies":[{"name":"wp","href":"https:\/\/api.w.org\/{rel}","templated":true}]}}

<p>Le Diocèse :</p>
<ul>
<li><a href="http://liege.diocese.be/" target="_blank">Le diocèse de Liège</a></li>
<li><a href="http://espacepremontres.blogspot.be/" target="_blank">L&rsquo;espace prémontrés : le séminaire épiscopal de Liège</a></li>
</ul>
<p>Les textes de la liturgie :</p>
<ul>
<li>Les lectures de dimanche prochain : <a href="http://www.aelf.org/office-messe" target="_blank">Aelf.org</a></li>
</ul>

<p>Le Diocèse : Le diocèse de Liège L&rsquo;espace prémontrés : le séminaire épiscopal de Liège Les textes de la liturgie : Les lectures de dimanche prochain : Aelf.org</p>
