{"id":151,"date":"2016-09-27T12:35:22","date_gmt":"2016-09-27T10:35:22","guid":{"rendered":"http:\/\/mjdc.be\/upsf\/?page_id=151"},"modified":"2019-09-12T13:56:14","modified_gmt":"2019-09-12T11:56:14","slug":"contacts","status":"publish","type":"page","link":"http:\/\/mjdc.be\/upsf\/contacts\/","title":{"rendered":"Contacts"},"content":{"rendered":"<ul>\n<li><em><strong>Bapt\u00eame<\/strong> <\/em>:\n<ol>\n<li>Premier contact et pr\u00e9paration avec le cur\u00e9 de l&rsquo;UP, Mr l&rsquo;abb\u00e9 Aimable U. Rukundo (<a href=\"mailto:padriaimable@yahoo.com\">padriaimable@yahoo.com<\/a>):\n<ol>\n<li>GSM : 0488\/81.87.24)<\/li>\n<\/ol>\n<\/li>\n<\/ol>\n<\/li>\n<li><strong><em>Mariage<\/em> <\/strong>:\n<ul>\n<li>Mr l&rsquo;abb\u00e9 Aimable U. Rukundo<\/li>\n<\/ul>\n<\/li>\n<li><em><strong>Fun\u00e9railles<\/strong> <\/em>:\n<ul>\n<li>P\u00e8re Alexis Smets : 04\/369.32.10<\/li>\n<li>en cas d&rsquo;absence du P\u00e8re Alexis Smets, il est possible de contacter :\n<ul>\n<li>Mr l&rsquo;abb\u00e9 Jacques Vandenbosch : 04\/257.53.48<\/li>\n<li>Mr l&rsquo;abb\u00e9 Aimable U. Rukundo<\/li>\n<\/ul>\n<\/li>\n<\/ul>\n<\/li>\n<\/ul>\n","protected":false},"excerpt":{"rendered":"<p>Bapt\u00eame : Premier contact et pr\u00e9paration avec le cur\u00e9 de l&rsquo;UP, Mr l&rsquo;abb\u00e9 Aimable U. Rukundo (padriaimable@yahoo.com): GSM : 0488\/81.87.24) Mariage : Mr l&rsquo;abb\u00e9 Aimable U. Rukundo Fun\u00e9railles : P\u00e8re Alexis Smets : 04\/369.32.10&#46;&#46;&#46;<\/p>\n","protected":false},"author":1,"featured_media":0,"parent":0,"menu_order":0,"comment_status":"closed","ping_status":"closed","template":"","meta":[],"_links":{"self":[{"href":"http:\/\/mjdc.be\/upsf\/wp-json\/wp\/v2\/pages\/151"}],"collection":[{"href":"http:\/\/mjdc.be\/upsf\/wp-json\/wp\/v2\/pages"}],"about":[{"href":"http:\/\/mjdc.be\/upsf\/wp-json\/wp\/v2\/types\/page"}],"author":[{"embeddable":true,"href":"http:\/\/mjdc.be\/upsf\/wp-json\/wp\/v2\/users\/1"}],"replies":[{"embeddable":true,"href":"http:\/\/mjdc.be\/upsf\/wp-json\/wp\/v2\/comments?post=151"}],"version-history":[{"count":9,"href":"http:\/\/mjdc.be\/upsf\/wp-json\/wp\/v2\/pages\/151\/revisions"}],"predecessor-version":[{"id":491,"href":"http:\/\/mjdc.be\/upsf\/wp-json\/wp\/v2\/pages\/151\/revisions\/491"}],"wp:attachment":[{"href":"http:\/\/mjdc.be\/upsf\/wp-json\/wp\/v2\/media?parent=151"}],"curies":[{"name":"wp","href":"https:\/\/api.w.org\/{rel}","templated":true}]}}